{"id":79,"date":"2014-08-29T23:11:24","date_gmt":"2014-08-29T23:11:24","guid":{"rendered":"http:\/\/mouillere.com\/bergeriedusalagou\/?page_id=79"},"modified":"2017-04-01T13:47:47","modified_gmt":"2017-04-01T13:47:47","slug":"la-chambre-royale","status":"publish","type":"page","link":"https:\/\/mouillere.com\/bergeriedusalagou\/la-chambre-royale\/","title":{"rendered":"La chambre Imp\u00e9riale"},"content":{"rendered":"<p>La chambre Imp\u00e9riale (20 m\u00b2) avec vue sur le lac, lit 160&#215;200, TV, Wifi, air conditionn\u00e9 et salle de bains attenante (baignoire, douche baln\u00e9o, lavabo)<\/p>\n<p>Wifi Lake view Bathroom with bath, shower and WC, Bed 160 \u00d7 200, TV, Wifi,&nbsp;Air conditioning<\/p>\n<p><!--more--><\/p>\n<div id='gallery-1' class='gallery galleryid-79 gallery-columns-3 gallery-size-thumbnail'><figure class='gallery-item'>\n\t\t\t<div class='gallery-icon landscape'>\n\t\t\t\t<a href='https:\/\/mouillere.com\/bergeriedusalagou\/la-chambre-royale\/imperiale-4\/'><img width=\"300\" height=\"300\" src=\"https:\/\/mouillere.com\/bergeriedusalagou\/wp-content\/uploads\/2014\/08\/TOURNEE-DU-10.12.2013-085-300x300.jpg\" class=\"attachment-thumbnail size-thumbnail\" alt=\"\" loading=\"lazy\" sizes=\"100vw\" \/><\/a>\n\t\t\t<\/div><\/figure><figure class='gallery-item'>\n\t\t\t<div class='gallery-icon landscape'>\n\t\t\t\t<a href='https:\/\/mouillere.com\/bergeriedusalagou\/la-chambre-royale\/imperiale-3\/'><img width=\"300\" height=\"300\" src=\"https:\/\/mouillere.com\/bergeriedusalagou\/wp-content\/uploads\/2014\/08\/TOURNEE-DU-10.12.2013-084-300x300.jpg\" class=\"attachment-thumbnail size-thumbnail\" alt=\"\" loading=\"lazy\" sizes=\"100vw\" \/><\/a>\n\t\t\t<\/div><\/figure><figure class='gallery-item'>\n\t\t\t<div class='gallery-icon landscape'>\n\t\t\t\t<a href='https:\/\/mouillere.com\/bergeriedusalagou\/la-chambre-royale\/tournee-du-10-12-2013-086\/'><img width=\"300\" height=\"300\" src=\"https:\/\/mouillere.com\/bergeriedusalagou\/wp-content\/uploads\/2014\/08\/TOURNEE-DU-10.12.2013-086-300x300.jpg\" class=\"attachment-thumbnail size-thumbnail\" alt=\"\" loading=\"lazy\" sizes=\"100vw\" \/><\/a>\n\t\t\t<\/div><\/figure><figure class='gallery-item'>\n\t\t\t<div class='gallery-icon landscape'>\n\t\t\t\t<a href='https:\/\/mouillere.com\/bergeriedusalagou\/la-chambre-royale\/imperiale-salle-de-bains-3\/'><img width=\"300\" height=\"300\" src=\"https:\/\/mouillere.com\/bergeriedusalagou\/wp-content\/uploads\/2014\/08\/TOURNEE-DU-10.12.2013-092-300x300.jpg\" class=\"attachment-thumbnail size-thumbnail\" alt=\"\" loading=\"lazy\" sizes=\"100vw\" \/><\/a>\n\t\t\t<\/div><\/figure><figure class='gallery-item'>\n\t\t\t<div class='gallery-icon landscape'>\n\t\t\t\t<a href='https:\/\/mouillere.com\/bergeriedusalagou\/la-chambre-royale\/imperiale-salle-de-bains\/'><img width=\"300\" height=\"300\" src=\"https:\/\/mouillere.com\/bergeriedusalagou\/wp-content\/uploads\/2014\/08\/TOURNEE-DU-10.12.2013-076-300x300.jpg\" class=\"attachment-thumbnail size-thumbnail\" alt=\"\" loading=\"lazy\" sizes=\"100vw\" \/><\/a>\n\t\t\t<\/div><\/figure><figure class='gallery-item'>\n\t\t\t<div class='gallery-icon landscape'>\n\t\t\t\t<a href='https:\/\/mouillere.com\/bergeriedusalagou\/la-chambre-royale\/tournee-du-10-12-2013-073\/'><img width=\"300\" height=\"300\" src=\"https:\/\/mouillere.com\/bergeriedusalagou\/wp-content\/uploads\/2014\/08\/TOURNEE-DU-10.12.2013-073-300x300.jpg\" class=\"attachment-thumbnail size-thumbnail\" alt=\"\" loading=\"lazy\" sizes=\"100vw\" \/><\/a>\n\t\t\t<\/div><\/figure>\n\t\t<\/div>\n\n","protected":false},"excerpt":{"rendered":"<p>La chambre Imp\u00e9riale (20 m\u00b2) avec vue sur le lac, lit 160&#215;200, TV, Wifi, air conditionn\u00e9 et salle de bains attenante (baignoire, douche baln\u00e9o, lavabo) Wifi Lake view Bathroom with bath, shower and WC, Bed 160 \u00d7 200, TV, Wifi,&nbsp;Air conditioning<\/p>\n","protected":false},"author":3,"featured_media":214,"parent":0,"menu_order":0,"comment_status":"open","ping_status":"closed","template":"","meta":[],"_links":{"self":[{"href":"https:\/\/mouillere.com\/bergeriedusalagou\/wp-json\/wp\/v2\/pages\/79"}],"collection":[{"href":"https:\/\/mouillere.com\/bergeriedusalagou\/wp-json\/wp\/v2\/pages"}],"about":[{"href":"https:\/\/mouillere.com\/bergeriedusalagou\/wp-json\/wp\/v2\/types\/page"}],"author":[{"embeddable":true,"href":"https:\/\/mouillere.com\/bergeriedusalagou\/wp-json\/wp\/v2\/users\/3"}],"replies":[{"embeddable":true,"href":"https:\/\/mouillere.com\/bergeriedusalagou\/wp-json\/wp\/v2\/comments?post=79"}],"version-history":[{"count":23,"href":"https:\/\/mouillere.com\/bergeriedusalagou\/wp-json\/wp\/v2\/pages\/79\/revisions"}],"predecessor-version":[{"id":324,"href":"https:\/\/mouillere.com\/bergeriedusalagou\/wp-json\/wp\/v2\/pages\/79\/revisions\/324"}],"wp:featuredmedia":[{"embeddable":true,"href":"https:\/\/mouillere.com\/bergeriedusalagou\/wp-json\/wp\/v2\/media\/214"}],"wp:attachment":[{"href":"https:\/\/mouillere.com\/bergeriedusalagou\/wp-json\/wp\/v2\/media?parent=79"}],"curies":[{"name":"wp","href":"https:\/\/api.w.org\/{rel}","templated":true}]}}